
4
What is the units digit of 18079372?
2
What is the tens digit of 19319?
1
What is the units digit of 324958?
8
What is the units digit of 367822?
2
What is the hundreds digit of 7467626?
6
What is the ten thousands digit of 890394?
9
What is the hundred thousands digit of 14666625?
6
What is the ten millions digit of 13030178?
1
What is the tens digit of 125869?
6
What is the hundred thousands digit of 623664?
6
What is the tens digit of 1751519?
1
What is the hundreds digit of 42102?
1
What is the hundred thousands digit of 377830?
3
What is the millions digit of 3433250?
3
What is the hundred thousands digit of 28796906?
7
What is the units digit of 1430773?
3
What is the ten thousands digit of 14453117?
5
What is the hundred thousands digit of 4376915?
3
What is the hundred thousands digit of 155681?
1
What is the units digit of 17267041?
1
What is the units digit of 108336?
6
What is the tens digit of 57739?
3
What is the units digit of 994385?
5
What is the ten thousands digit of 1706149?
0
What is the thousands digit of 3339349?
9
What is the tens digit of 588122?
2
What is the hundreds digit of 43519715?
7
What is the units digit of 349981?
1
What is the hundred thousands digit of 9092023?
0
What is the tens digit of 1038080?
8
What is the tens digit of 2447482?
8
What is the units digit of 1703622?
2
What is the units digit of 11158717?
7
What is the hundreds digit of 909746?
7
What is the ten millions digit of 10313950?
1
What is the hundred thousands digit of 4305610?
3
What is the units digit of 2405977?
7
What is the units digit of 4786102?
2
What is the tens digit of 3153380?
8
What is the hundred thousands digit of 5318427?
3
What is the thousands digit of 4210488?
0
What is the hundred thousands digit of 1427807?
4
What is the hundreds digit of 4885355?
3
What is the millions digit of 4922108?
4
What is the tens digit of 4087110?
1
What is the thousands digit of 3168187?
8
What is the ten millions digit of 37244264?
3
What is the millions digit of 2059895?
2
What is the hundreds digit of 450848?
8
What is the ten thousands digit of 41209?
4
What is the ten thousands digit of 10193162?
9
What is the tens digit of 1098805?
0
What is the millions digit of 1427665?
1
What is the hundred thousands digit of 191473?
1
What is the ten thousands digit of 76839?
7
What is the units digit of 1278383?
3
What is the thousands digit of 1725109?
5
What is the tens digit of 749798?
9
What is the hundred thousands digit of 19809195?
8
What is the units digit of 154500?
0
What is the hundreds digit of 80510?
5
What is the hundred thousands digit of 264973?
2
What is the hundreds digit of 15352377?
3
What is the hundred thousands digit of 1631615?
6
What is the hundred thousands digit of 2869685?
8
What is the millions digit of 4188550?
4
What is the hundred thousands digit of 3303234?
3
What is the tens digit of 7932869?
6
What is the thousands digit of 19369093?
9
What is the units digit of 8457002?
2
What is the units digit of 742618?
8
What is the ten thousands digit of 35612650?
1
What is the thousands digit of 103404?
3
What is the hundreds digit of 258654?
6
What is the thousands digit of 361588?
1
What is the thousands digit of 1270936?
0
What is the thousands digit of 2476413?
6
What is the thousands digit of 20340499?
0
What is the thousands digit of 193889?
3
What is the millions digit of 6349725?
6
What is the ten thousands digit of 5694091?
9
What is the tens digit of 323205?
0
What is the millions digit of 1505831?
1
What is the thousands digit of 172828?
2
What is the thousands digit of 5354561?
4
What is the tens digit of 4877756?
5
What is the tens digit of 1146209?
0
What is the thousands digit of 157366?
7
What is the hundred thousands digit of 1022406?
0
What is the hundred thousands digit of 1744662?
7
What is the hundred thousands digit of 365911?
3
What is the units digit of 104337?
7
What is the tens digit of 17128?
2
What is the units digit of 12688415?
5
What is the hundreds digit of 269035?
0
What is the hundreds digit of 2055476?
4
What is the units digit of 369110?
0
What is the units digit of 288757?
7
What is the units digit of 3724869?
9
What is the thousands digit of 15514352?
4
What is the tens digit of 20620540?
4
What is the units digit of 5914016?
6
What is the ten thousands digit of 375149?
7
What is the units digit of 299694?
4
What is the units digit of 5167902?
2
What is the hundred thousands digit of 18451117?
4
What is the ten thousands digit of 542195?
4
What is the units digit of 1167222?
2
What is the hundred thousands digit of 1567808?
5
What is the tens digit of 1844557?
5
What is the thousands digit of 230090?
0
What is the units digit of 310328?
8
What is the hundreds digit of 4930423?
4
What is the thousands digit of 2810545?
0
What is the ten millions digit of 16830910?
1
What is the units digit of 888301?
1
What is the units digit of 5399827?
7
What is the thousands digit of 873381?
3
What is the tens digit of 592078?
7
What is the thousands digit of 9266957?
6
What is the hundred thousands digit of 13762813?
7
What is the hundred thousands digit of 269581?
2
What is the units digit of 29715598?
8
What is the thousands digit of 1305031?
5
What is the hundred thousands digit of 1336790?
3
What is the units digit of 6719294?
4
What is the tens digit of 42988?
8
What is the hundreds digit of 221901?
9
What is the hundreds digit of 2358688?
6
What is the tens digit of 78885?
8
What is the hundreds digit of 703548?
5
What is the hundred thousands digit of 276501?
2
What is the ten thousands digit of 23580896?
8
What is the tens digit of 5084395?
9
What is the thousands digit of 111736?
1
What is the millions digit of 5341728?
5
What is the tens digit of 8166167?
6
What is the ten thousands digit of 35228595?
2
What is the ten millions digit of 20031770?
2
What is the thousands digit of 552766?
2
What is the hundred thousands digit of 4074040?
0
What is the ten thousands digit of 10022412?
2
What is the units digit of 1246328?
8
What is the ten thousands digit of 236990?
3
What is the units digit of 1865137?
7
What is the tens digit of 2090604?
0
What is the hundreds digit of 2788709?
7
What is the units digit of 656162?
2
What is the thousands digit of 1044256?
4
What is the hundred thousands digit of 4649737?
6
What is the ten thousands digit of 2335075?
3
What is the thousands digit of 760634?
0
What is the thousands digit of 371739?
1
What is the hundreds digit of 716600?
6
What is the ten thousands digit of 4040611?
4
What is the thousands digit of 1230717?
0
What is the hundreds digit of 315884?
8
What is the millions digit of 1215147?
1
What is the hundreds digit of 1183627?
6
What is the tens digit of 4954928?
2
What is the tens digit of 4993597?
9
What is the hundreds digit of 6070658?
6
What is the tens digit of 306730?
3
What is the hundred thousands digit of 677689?
6
What is the ten thousands digit of 140144?
4
What is the tens digit of 1247307?
0
What is the units digit of 279316?
6
What is the ten thousands digit of 20515612?
1
What is the hundred thousands digit of 3196343?
1
What is the units digit of 5828442?
2
What is the hundred thousands digit of 754039?
7
What is the tens digit of 82588?
8
What is the hundreds digit of 9470929?
9
What is the hundred thousands digit of 2332270?
3
What is the hundreds digit of 2121726?
7
What is the tens digit of 251786?
8
What is the units digit of 2121757?
7
What is the ten thousands digit of 257666?
5
What is the units digit of 204491?
1
What is the hundreds digit of 276094?
0
What is the units digit of 152382?
2
What is the hundred thousands digit of 3619905?
6
What is the thousands digit of 2147554?
7
What is the units digit of 227387?
7
What is the ten thousands digit of 106963?
0
What is the ten thousands digit of 301498?
0
What is the thousands digit of 247019?
7
What is the hundreds digit of 7984651?
6
What is the tens digit of 1153994?
9
What is the hundred thousands digit of 13708886?
7
What is the ten thousands digit of 199068?
9
What is the units digit of 9994593?
3
What is the thousands digit of 671001?
1
What is the ten thousands digit of 99402?
9
What is the units digit of 700592?
2
What is the units digit of 3575940?
0
What